{"id":85,"date":"2015-12-12T09:22:54","date_gmt":"2015-12-12T06:22:54","guid":{"rendered":"http:\/\/demo.snstheme.com\/wp\/hadona\/?product=shirt-in-short-sleeve-with-ditsy-print"},"modified":"2023-10-04T14:06:14","modified_gmt":"2023-10-04T11:06:14","slug":"grouped-product","status":"publish","type":"product","link":"https:\/\/www.gzdled.com.tr\/?product=grouped-product","title":{"rendered":"COLORMIX 2 \u2013 ORTA BOY D\u00d6NER SPOT Krom"},"content":{"rendered":"","protected":false},"excerpt":{"rendered":"<p><strong>COLORMIX 2 &#8211; ORTA BOY D\u00d6NER SPOT <\/strong><\/p>\n<p>G\u00f6vde \/ Body : %100 Al\u00fcminyum<br \/>\n\u00dcst Kapak \/ Top Cover : Krom veya Dkp Sac \u00dczerine Elektrostatik Toz Boya<br \/>\nBoyut \/ Dimensions : 33 cm<br \/>\nDelik \u00c7ap \/ Diameter : 29 cm<br \/>\nI\u015f\u0131k \/ Led : 30 Adet Yeni Nesil Power Led<br \/>\nL\u00fcmen \/ Lumen : 7200 L<br \/>\nVoltaj \/ Volt : 100 &#8211; 240 Volt AC aras\u0131<br \/>\nG\u00fc\u00e7 \/ Watt : 42 Watt<br \/>\nRenk \/ Colour : Beyaz,Mavi,K\u0131rm\u0131z\u0131,Ye\u015filden Olu\u015fan Homojen Renk<\/p>\n","protected":false},"featured_media":2938,"template":"","meta":[],"product_cat":[15,69],"product_tag":[],"class_list":{"0":"post-85","1":"product","2":"type-product","3":"status-publish","4":"has-post-thumbnail","6":"product_cat-genel","7":"product_cat-bed-room","9":"first","10":"instock","11":"shipping-taxable","12":"product-type-grouped"},"_links":{"self":[{"href":"https:\/\/www.gzdled.com.tr\/index.php?rest_route=\/wp\/v2\/product\/85","targetHints":{"allow":["GET"]}}],"collection":[{"href":"https:\/\/www.gzdled.com.tr\/index.php?rest_route=\/wp\/v2\/product"}],"about":[{"href":"https:\/\/www.gzdled.com.tr\/index.php?rest_route=\/wp\/v2\/types\/product"}],"wp:featuredmedia":[{"embeddable":true,"href":"https:\/\/www.gzdled.com.tr\/index.php?rest_route=\/wp\/v2\/media\/2938"}],"wp:attachment":[{"href":"https:\/\/www.gzdled.com.tr\/index.php?rest_route=%2Fwp%2Fv2%2Fmedia&parent=85"}],"wp:term":[{"taxonomy":"product_cat","embeddable":true,"href":"https:\/\/www.gzdled.com.tr\/index.php?rest_route=%2Fwp%2Fv2%2Fproduct_cat&post=85"},{"taxonomy":"product_tag","embeddable":true,"href":"https:\/\/www.gzdled.com.tr\/index.php?rest_route=%2Fwp%2Fv2%2Fproduct_tag&post=85"}],"curies":[{"name":"wp","href":"https:\/\/api.w.org\/{rel}","templated":true}]}}